{"id":40,"date":"2022-03-27T17:11:07","date_gmt":"2022-03-27T17:11:07","guid":{"rendered":"https:\/\/von-den-falcors.de\/long-zhi-ai-Ragdolls\/home\/"},"modified":"2022-04-24T19:31:05","modified_gmt":"2022-04-24T17:31:05","slug":"home","status":"publish","type":"page","link":"https:\/\/von-den-falcors.de\/long-zhi-ai-Ragdolls\/","title":{"rendered":"Home"},"content":{"rendered":"\n  \n    \n    <section class=\"u-clearfix u-grey-25 u-section-2\" id=\"sec-58d3\">\n      <div class=\"u-clearfix u-sheet u-sheet-1\">\n        <p class=\"u-align-center-sm u-align-center-xs u-custom-font u-font-lobster u-small-text u-text u-text-default-lg u-text-default-md u-text-default-sm u-text-default-xl u-text-default-xxl u-text-variant u-text-1\">Herzlich Willkommen bei den L\u00f3ng zhi \u00e0i Ragdolls<\/p>\n        <img decoding=\"async\" class=\"u-image u-image-default u-image-1\" src=\"https:\/\/von-den-falcors.de\/long-zhi-ai-Ragdolls\/wp-content\/uploads\/2022\/03\/DSC_0032frronja.jpg\" alt=\"\" data-image-width=\"1600\" data-image-height=\"1170\">\n        <p class=\"u-align-center u-custom-font u-font-lobster u-large-text u-text u-text-variant u-text-2\"> Ich liebe Katzen <br>Weil ich mein Zuhause genie\u00dfe <br>und sie im Lauf der Zeit <br>dessen sichtbare Seele werden <br>( Jean Cocteau)\n        <\/p>\n      <\/div>\n    <\/section>\n    \n    \n    \n    \n  \n","protected":false},"excerpt":{"rendered":"<p>Herzlich Willkommen bei den L\u00f3ng zhi \u00e0i Ragdolls Ich liebe Katzen Weil ich mein Zuhause genie\u00dfe und sie im Lauf der Zeit dessen sichtbare Seele werden ( Jean Cocteau)<\/p>\n","protected":false},"author":1,"featured_media":0,"parent":0,"menu_order":7,"comment_status":"closed","ping_status":"closed","template":"","meta":{"footnotes":""},"class_list":["post-40","page","type-page","status-publish","hentry"],"_links":{"self":[{"href":"https:\/\/von-den-falcors.de\/long-zhi-ai-Ragdolls\/wp-json\/wp\/v2\/pages\/40","targetHints":{"allow":["GET"]}}],"collection":[{"href":"https:\/\/von-den-falcors.de\/long-zhi-ai-Ragdolls\/wp-json\/wp\/v2\/pages"}],"about":[{"href":"https:\/\/von-den-falcors.de\/long-zhi-ai-Ragdolls\/wp-json\/wp\/v2\/types\/page"}],"author":[{"embeddable":true,"href":"https:\/\/von-den-falcors.de\/long-zhi-ai-Ragdolls\/wp-json\/wp\/v2\/users\/1"}],"replies":[{"embeddable":true,"href":"https:\/\/von-den-falcors.de\/long-zhi-ai-Ragdolls\/wp-json\/wp\/v2\/comments?post=40"}],"version-history":[{"count":2,"href":"https:\/\/von-den-falcors.de\/long-zhi-ai-Ragdolls\/wp-json\/wp\/v2\/pages\/40\/revisions"}],"predecessor-version":[{"id":81,"href":"https:\/\/von-den-falcors.de\/long-zhi-ai-Ragdolls\/wp-json\/wp\/v2\/pages\/40\/revisions\/81"}],"wp:attachment":[{"href":"https:\/\/von-den-falcors.de\/long-zhi-ai-Ragdolls\/wp-json\/wp\/v2\/media?parent=40"}],"curies":[{"name":"wp","href":"https:\/\/api.w.org\/{rel}","templated":true}]}}